lculate the greatest common factor of 154 and 44.
22
What is the highest common divisor of 645 and 15?
15
Calculate the greatest common factor of 106812 and 46.
46
What is the highest common divisor of 48 and 512?
16
What is the greatest common divisor of 225 and 300?
75
What is the greatest common divisor of 5161 and 26?
13
What is the greatest common divisor of 60 and 10000?
20
What is the greatest common factor of 168 and 474?
6
What is the greatest common factor of 161 and 8050?
161
Calculate the highest common factor of 4 and 332.
4
What is the highest common factor of 452 and 4?
4
What is the highest common factor of 18 and 8469?
9
Calculate the greatest common divisor of 848 and 120.
8
Calculate the highest common factor of 8 and 632.
8
Calculate the highest common factor of 1080 and 36.
36
Calculate the highest common factor of 752 and 304.
16
What is the highest common divisor of 40 and 230?
10
Calculate the greatest common factor of 7 and 5.
1
What is the greatest common divisor of 143 and 13?
13
What is the greatest common factor of 57 and 1311?
57
What is the greatest common divisor of 32 and 30496?
32
What is the greatest common factor of 57 and 133?
19
Calculate the highest common factor of 43 and 2623.
43
Calculate the greatest common factor of 1785 and 1365.
105
What is the highest common factor of 1215 and 90?
45
What is the greatest common divisor of 160 and 208?
16
What is the greatest common divisor of 264 and 3916?
44
Calculate the greatest common divisor of 4514 and 305.
61
What is the greatest common divisor of 124 and 651?
31
What is the highest common divisor of 150 and 325?
25
Calculate the greatest common factor of 803 and 33.
11
What is the greatest common factor of 33 and 1419?
33
Calculate the highest common divisor of 23679 and 27.
27
Calculate the greatest common divisor of 161 and 14.
7
Calculate the highest common factor of 55 and 15235.
55
What is the greatest common factor of 2375 and 19?
19
What is the greatest common factor of 296 and 16?
8
What is the greatest common divisor of 16 and 1808?
16
What is the highest common factor of 1 and 25?
1
What is the highest common divisor of 53988 and 88?
44
Calculate the greatest common factor of 90 and 110.
10
What is the greatest common divisor of 69 and 4416?
69
What is the greatest common divisor of 45 and 1440?
45
Calculate the greatest common divisor of 44 and 6842.
22
What is the greatest common factor of 273 and 14?
7
What is the greatest common divisor of 333 and 555?
111
Calculate the greatest common divisor of 35932 and 52.
52
Calculate the greatest common divisor of 36 and 68.
4
Calculate the greatest common divisor of 2873 and 338.
169
Calculate the greatest common divisor of 39997 and 23.
23
What is the greatest common divisor of 196 and 1666?
98
Calculate the greatest common divisor of 493 and 187.
17
What is the highest common factor of 3 and 75?
3
What is the highest common divisor of 8 and 1208?
8
What is the greatest common factor of 2604 and 84?
84
What is the greatest common divisor of 116 and 522?
58
What is the greatest common factor of 98 and 42?
14
What is the greatest common divisor of 141 and 3243?
141
What is the highest common factor of 36 and 468?
36
Calculate the highest common factor of 18711 and 77.
77
What is the greatest common divisor of 8 and 88?
8
Calculate the greatest common factor of 128 and 4.
4
Calculate the greatest common factor of 1998 and 185.
37
Calculate the greatest common divisor of 132 and 231.
33
Calculate the greatest common factor of 286 and 65.
13
Calculate the highest common divisor of 137 and 103983.
137
What is the greatest common divisor of 12316 and 4?
4
What is the highest common divisor of 247 and 513?
19
What is the greatest common factor of 65 and 545?
5
Calculate the greatest common divisor of 24 and 2536.
8
What is the greatest common divisor of 6864 and 48?
48
What is the highest common divisor of 121 and 198?
11
Calculate the greatest common divisor of 168 and 59304.
168
What is the greatest common divisor of 923 and 568?
71
Calculate the greatest common factor of 14 and 189.
7
What is the highest common factor of 850 and 1100?
50
Calculate the highest common divisor of 23 and 46.
23
What is the greatest common factor of 273 and 78?
39
What is the greatest common divisor of 7 and 315?
7
Calculate the greatest common factor of 603 and 36.
9
Calculate the highest common factor of 126 and 154.
14
What is the highest common factor of 45 and 45?
45
What is the greatest common divisor of 11 and 539?
11
What is the highest common factor of 156 and 260?
52
What is the greatest common factor of 426 and 5751?
213
What is the highest common divisor of 352 and 66?
22
What is the highest common divisor of 20440 and 70?
70
Calculate the highest common factor of 33 and 1034.
11
Calculate the greatest common divisor of 33 and 4521.
33
What is the greatest common divisor of 603 and 225?
9
What is the highest common factor of 226 and 1469?
113
What is the greatest common divisor of 41 and 1?
1
What is the highest common divisor of 48 and 84?
12
Calculate the highest common divisor of 142 and 76822.
142
Calculate the greatest common factor of 86 and 301.
43
Calculate the highest common divisor of 69 and 192.
3
What is the greatest common divisor of 40 and 2310?
10
Calculate the highest common divisor of 138 and 368.
46
What is the greatest common divisor of 2652 and 780?
156
What is the highest common divisor of 20729 and 19?
19
What is the highest common factor of 10647 and 63?
63
Calculate the highest common divisor of 484 and 308.
44
Calculate the greatest common factor of 18592 and 48.
16
Calculate the greatest common divisor of 289 and 357.
17
What is the greatest common factor of 23 and 2185?
23
What is the greatest common divisor of 1017 and 117?
9
Calculate the highest common factor of 212 and 5671.
53
What is the greatest common divisor of 261 and 54?
9
What is the greatest common factor of 3043 and 204?
17
What is the greatest common factor of 22 and 2?
2
What is the highest common factor of 275 and 200?
25
Calculate the highest common divisor of 264 and 72.
24
Calculate the greatest common factor of 1041 and 3.
3
Calculate the highest common divisor of 28 and 98.
14
What is the greatest common factor of 244 and 1037?
61
Calculate the highest common factor of 496 and 1424.
16
Calculate the highest common factor of 12 and 30576.
12
Calculate the greatest common divisor of 39065 and 130.
65
What is the greatest common factor of 3139 and 73?
73
What is the greatest common divisor of 3402 and 14?
14
What is the highest common divisor of 4 and 1244?
4
What is the greatest common divisor of 3 and 139?
1
What is the greatest common divisor of 96 and 264?
24
Calculate the highest common factor of 64 and 416.
32
Calculate the highest common factor of 3084 and 48.
12
What is the greatest common factor of 18 and 42363?
9
Calculate the highest common divisor of 63 and 140.
7
Calculate the greatest common factor of 280 and 28840.
280
Calculate the greatest common factor of 574 and 266.
14
Calculate the highest common factor of 25 and 2225.
25
Calculate the greatest common factor of 93 and 310.
31
What is the highest common divisor of 816 and 96?
48
What is the highest common factor of 114 and 12027?
57
Calculate the highest common divisor of 8526 and 696.
174
What is the highest common divisor of 123 and 1763?
41
What is the highest common divisor of 20 and 1380?
20
Calculate the highest common divisor of 1404 and 208.
52
What is the highest common factor of 468 and 676?
52
Calculate the highest common divisor of 52 and 949.
13
What is the greatest common divisor of 21 and 28?
7
What is the highest common factor of 951 and 2?
1
What is the greatest common factor of 678 and 6?
6
Calculate the greatest common factor of 54257 and 161.
161
What is the highest common divisor of 936 and 16?
8
What is the highest common factor of 36 and 4518?
18
What is the highest common factor of 20 and 820?
20
Calculate the greatest common factor of 1110 and 90.
30
Calculate the greatest common divisor of 30 and 405.
15
Calculate the highest common factor of 4 and 560.
4
What is the highest common factor of 96 and 44?
4
What is the grea